{"id":26,"date":"2020-11-27T14:43:48","date_gmt":"2020-11-27T13:43:48","guid":{"rendered":"http:\/\/www.e2lcoaching.com\/?page_id=26"},"modified":"2021-02-09T17:11:28","modified_gmt":"2021-02-09T16:11:28","slug":"qui-suis-je","status":"publish","type":"page","link":"https:\/\/www.e2lcoaching.com\/index.php\/qui-suis-je\/","title":{"rendered":"Qui suis-je?"},"content":{"rendered":"\n<h2><\/h2>\n\n\n\n<p class=\"has-text-align-center has-medium-font-size\">MOHANDI Tassadite, 78110 Le V\u00e9sinet<\/p>\n\n\n\n<p class=\"has-text-align-left has-medium-font-size\">Form\u00e9e au Centre R\u00e9gional de l\u2019Expertise et de la Performance Sportive (CREPS) de Ch\u00e2tenay-Malabry, j\u2019y ai obtenu le Brevet d\u2019Etat d\u2019Educateur Sportif des M\u00e9tiers de la Forme (BEMF).      J\u2019y ai \u00e9galement d\u00e9croch\u00e9 le dipl\u00f4me \u00ab&nbsp;Tronc Commun 2<sup>\u00e8me<\/sup> degr\u00e9&nbsp;\u00bb, visant \u00e0 la pr\u00e9paration de sportifs de haut niveau, le perfectionnement technique, l\u2019entra\u00eenement et la formation de cadres.&nbsp;J\u2019ai aussi suivi plusieurs formations au sein de la FISAF, F\u00e9d\u00e9ration Internationale des Sports Aerobics et Fitness.&nbsp;&nbsp;&nbsp;&nbsp;<\/p>\n\n\n\n<div class=\"wp-block-image\"><figure class=\"aligncenter size-large is-resized\"><img loading=\"lazy\" src=\"http:\/\/www.e2lcoaching.com\/wp-content\/uploads\/2021\/02\/IMG_4275-797x1024.jpg\" alt=\"\" class=\"wp-image-361\" width=\"222\" height=\"283\"\/><\/figure><\/div>\n\n\n\n<p class=\"has-text-align-left has-medium-font-size\">J\u2019ai acquis une solide exp\u00e9rience dans le milieu de la remise en forme&nbsp;: salles priv\u00e9es&nbsp;; salles priv\u00e9es r\u00e9serv\u00e9es au public f\u00e9minin&nbsp;; dans le cadre associatif aupr\u00e8s du public senior et dans le domaine du service public en tant que vacataire. J\u2019ai \u00e9galement travaill\u00e9 avec des athl\u00e8tes pour une pr\u00e9paration physique sp\u00e9cifique.&nbsp;&nbsp;&nbsp;<\/p>\n\n\n\n<p class=\"has-medium-font-size\">Par ailleurs, ces acquis m\u2019ont permis de collaborer avec la PSG Academy durant cinq ann\u00e9es avec un public d\u2019enfants et d\u2019adolescents en les coachant lors de s\u00e9ances d\u2019entra\u00eenement de football.&nbsp;&nbsp;&nbsp;&nbsp;&nbsp;<\/p>\n\n\n\n<p class=\"has-medium-font-size\">&nbsp;J\u2019exerce le coaching sportif \u00e0 domicile depuis une dizaine d\u2019ann\u00e9es.&nbsp;&nbsp;&nbsp;&nbsp;&nbsp;&nbsp;&nbsp;&nbsp;&nbsp;&nbsp;&nbsp;&nbsp;&nbsp;&nbsp;<\/p>\n\n\n\n<p class=\"has-text-align-left has-medium-font-size\"><strong><em>CREPS de Ch\u00e2tenay-Malabry&nbsp;<\/em><\/strong>&nbsp;&nbsp;                                                                                \u2022 BEMF&nbsp;&nbsp;&nbsp;&nbsp;&nbsp; &nbsp;&nbsp;&nbsp;&nbsp;&nbsp;&nbsp;&nbsp;&nbsp;                                                                                                                                                                                                  \u2022 Tronc Commun 2\u00e8me degr\u00e9&nbsp;                                                                                                                <\/p>\n\n\n\n<figure class=\"wp-block-image size-large is-resized\"><img loading=\"lazy\" src=\"http:\/\/www.e2lcoaching.com\/wp-content\/uploads\/2021\/02\/IMG_4292-768x1024.jpg\" alt=\"\" class=\"wp-image-369\" width=\"151\" height=\"202\" srcset=\"https:\/\/www.e2lcoaching.com\/wp-content\/uploads\/2021\/02\/IMG_4292-768x1024.jpg 768w, https:\/\/www.e2lcoaching.com\/wp-content\/uploads\/2021\/02\/IMG_4292-225x300.jpg 225w, https:\/\/www.e2lcoaching.com\/wp-content\/uploads\/2021\/02\/IMG_4292-1152x1536.jpg 1152w, https:\/\/www.e2lcoaching.com\/wp-content\/uploads\/2021\/02\/IMG_4292-1536x2048.jpg 1536w, https:\/\/www.e2lcoaching.com\/wp-content\/uploads\/2021\/02\/IMG_4292-scaled.jpg 1920w\" sizes=\"(max-width: 151px) 100vw, 151px\" \/><\/figure>\n\n\n\n<p class=\"has-medium-font-size\"><strong><em>FISAF<\/em><\/strong>                                                                                                                                 \u2022 Module de base                                                                                                                                                                                                        \u2022  Basic Fitness Instructor                                                                                                                                                             \u2022 Basic Training Instructor (Personal training)<\/p>\n\n\n\n<div class=\"wp-block-image\"><figure class=\"aligncenter size-large is-resized\"><img loading=\"lazy\" src=\"http:\/\/www.e2lcoaching.com\/wp-content\/uploads\/2021\/02\/IMG_4299-669x1024.jpg\" alt=\"\" class=\"wp-image-371\" width=\"150\" height=\"229\" srcset=\"https:\/\/www.e2lcoaching.com\/wp-content\/uploads\/2021\/02\/IMG_4299-669x1024.jpg 669w, https:\/\/www.e2lcoaching.com\/wp-content\/uploads\/2021\/02\/IMG_4299-196x300.jpg 196w, https:\/\/www.e2lcoaching.com\/wp-content\/uploads\/2021\/02\/IMG_4299-768x1175.jpg 768w, https:\/\/www.e2lcoaching.com\/wp-content\/uploads\/2021\/02\/IMG_4299-1004x1536.jpg 1004w, https:\/\/www.e2lcoaching.com\/wp-content\/uploads\/2021\/02\/IMG_4299-1339x2048.jpg 1339w, https:\/\/www.e2lcoaching.com\/wp-content\/uploads\/2021\/02\/IMG_4299-scaled.jpg 1674w\" sizes=\"(max-width: 150px) 100vw, 150px\" \/><\/figure><\/div>\n","protected":false},"excerpt":{"rendered":"<p>MOHANDI Tassadite, 78110 Le V\u00e9sinet Form\u00e9e au Centre R\u00e9gional de l\u2019Expertise et de la Performance Sportive (CREPS) de Ch\u00e2tenay-Malabry, j\u2019y ai obtenu le Brevet d\u2019Etat d\u2019Educateur Sportif des M\u00e9tiers de la Forme (BEMF). J\u2019y ai \u00e9galement d\u00e9croch\u00e9 le dipl\u00f4me \u00ab&nbsp;Tronc Commun 2\u00e8me degr\u00e9&nbsp;\u00bb, visant \u00e0 la pr\u00e9paration de sportifs de haut niveau, le perfectionnement technique, [&hellip;]<\/p>\n","protected":false},"author":1,"featured_media":0,"parent":0,"menu_order":0,"comment_status":"closed","ping_status":"closed","template":"","meta":[],"_links":{"self":[{"href":"https:\/\/www.e2lcoaching.com\/index.php\/wp-json\/wp\/v2\/pages\/26"}],"collection":[{"href":"https:\/\/www.e2lcoaching.com\/index.php\/wp-json\/wp\/v2\/pages"}],"about":[{"href":"https:\/\/www.e2lcoaching.com\/index.php\/wp-json\/wp\/v2\/types\/page"}],"author":[{"embeddable":true,"href":"https:\/\/www.e2lcoaching.com\/index.php\/wp-json\/wp\/v2\/users\/1"}],"replies":[{"embeddable":true,"href":"https:\/\/www.e2lcoaching.com\/index.php\/wp-json\/wp\/v2\/comments?post=26"}],"version-history":[{"count":36,"href":"https:\/\/www.e2lcoaching.com\/index.php\/wp-json\/wp\/v2\/pages\/26\/revisions"}],"predecessor-version":[{"id":431,"href":"https:\/\/www.e2lcoaching.com\/index.php\/wp-json\/wp\/v2\/pages\/26\/revisions\/431"}],"wp:attachment":[{"href":"https:\/\/www.e2lcoaching.com\/index.php\/wp-json\/wp\/v2\/media?parent=26"}],"curies":[{"name":"wp","href":"https:\/\/api.w.org\/{rel}","templated":true}]}}